{"id":1595,"date":"2021-04-20T15:55:46","date_gmt":"2021-04-20T19:55:46","guid":{"rendered":"https:\/\/traumamattersdelaware.org\/?post_type=tribe_events&#038;p=1595"},"modified":"2021-04-22T23:53:36","modified_gmt":"2021-04-23T03:53:36","slug":"pursuing-emotional-resilience-conference","status":"publish","type":"tribe_events","link":"https:\/\/traumamattersdelaware.org\/es\/event\/pursuing-emotional-resilience-conference\/","title":{"rendered":"Conferencia sobre la persecuci\u00f3n de la resiliencia emocional"},"content":{"rendered":"<p>La pandemia ha sido un desaf\u00edo para todos. Durante m\u00e1s de un a\u00f1o, las vidas y las rutinas interrumpidas han sido la norma. \u00a1Sin embargo, muchos de nosotros hemos persistido y sobrevivido! \u00a1Hemos encontrado formas nuevas y creativas de ayudarnos a nosotros mismos y a los dem\u00e1s! Esta conferencia virtual destacar\u00e1 la resiliencia que los educadores, padres y estudiantes han demostrado frente a la adversidad y ofrecer\u00e1 sugerencias para recargar nuestras \u201cbater\u00edas de resiliencia\u201d a medida que avanzamos. \u00a1\u00danase a nosotros para un d\u00eda de celebraci\u00f3n e inspiraci\u00f3n!<\/p>\n<p>La Dra. Jill Biden y la Primera Dama de Delaware, Tracey Carney, abrir\u00e1n la conferencia. Los oradores destacados del d\u00eda incluyen a Pete Hall, coautor del libro Fostering Resilient Learners, y Elena Aguilar, autora del libro Onward: Cultivating Emotional Resilience in Educators.<\/p>\n<p>\u00a1Todos los asistentes recibir\u00e1n una copia del libro de Elena Aguilar y una camiseta especial conmemorativa para marcar el evento!<\/p>\n<p>\u00a1Confirme su asistencia ya que es necesario registrarse!<\/p>","protected":false},"excerpt":{"rendered":"<p>The pandemic has been a challenge for all of us. For well over a year, disrupted lives and routines have been the norm. Yet so many of us have persisted [&hellip;]<\/p>\n","protected":false},"author":3,"featured_media":1615,"template":"","meta":{"_acf_changed":false,"om_disable_all_campaigns":false,"_monsterinsights_skip_tracking":false,"_monsterinsights_sitenote_active":false,"_monsterinsights_sitenote_note":"","_monsterinsights_sitenote_category":0,"_tribe_events_status":"","_tribe_events_status_reason":"","_tribe_events_is_hybrid":"","_tribe_events_is_virtual":"","_tribe_events_virtual_video_source":"","_tribe_events_virtual_embed_video":"","_tribe_events_virtual_linked_button_text":"","_tribe_events_virtual_linked_button":"","_tribe_events_virtual_show_embed_at":"","_tribe_events_virtual_show_embed_to":[],"_tribe_events_virtual_show_on_event":"","_tribe_events_virtual_show_on_views":"","_tribe_events_virtual_url":"","footnotes":""},"tags":[],"tribe_events_cat":[],"class_list":["post-1595","tribe_events","type-tribe_events","status-publish","has-post-thumbnail","hentry"],"acf":[],"yoast_head":"<!-- This site is optimized with the Yoast SEO plugin v27.5 - https:\/\/yoast.com\/product\/yoast-seo-wordpress\/ -->\n<title>Pursuing Emotional Resilience Conference - Trauma Matters Delaware<\/title>\n<meta name=\"robots\" content=\"index, follow, max-snippet:-1, max-image-preview:large, max-video-preview:-1\" \/>\n<link rel=\"canonical\" href=\"https:\/\/traumamattersdelaware.org\/es\/event\/pursuing-emotional-resilience-conference\/\" \/>\n<meta property=\"og:locale\" content=\"es_MX\" \/>\n<meta property=\"og:type\" content=\"article\" \/>\n<meta property=\"og:title\" content=\"Pursuing Emotional Resilience Conference - Trauma Matters Delaware\" \/>\n<meta property=\"og:description\" content=\"The pandemic has been a challenge for all of us. For well over a year, disrupted lives and routines have been the norm. Yet so many of us have persisted [&hellip;]\" \/>\n<meta property=\"og:url\" content=\"https:\/\/traumamattersdelaware.org\/es\/event\/pursuing-emotional-resilience-conference\/\" \/>\n<meta property=\"og:site_name\" content=\"Trauma Matters Delaware\" \/>\n<meta property=\"article:modified_time\" content=\"2021-04-23T03:53:36+00:00\" \/>\n<meta property=\"og:image\" content=\"https:\/\/traumamattersdelaware.org\/wp-content\/uploads\/2021\/04\/TMD_Events_Image.png\" \/>\n\t<meta property=\"og:image:width\" content=\"630\" \/>\n\t<meta property=\"og:image:height\" content=\"330\" \/>\n\t<meta property=\"og:image:type\" content=\"image\/png\" \/>\n<meta name=\"twitter:card\" content=\"summary_large_image\" \/>\n<meta name=\"twitter:label1\" content=\"Tiempo de lectura\" \/>\n\t<meta name=\"twitter:data1\" content=\"1 minuto\" \/>\n<script type=\"application\/ld+json\" class=\"yoast-schema-graph\">{\"@context\":\"https:\\\/\\\/schema.org\",\"@graph\":[{\"@type\":\"WebPage\",\"@id\":\"https:\\\/\\\/traumamattersdelaware.org\\\/event\\\/pursuing-emotional-resilience-conference\\\/\",\"url\":\"https:\\\/\\\/traumamattersdelaware.org\\\/event\\\/pursuing-emotional-resilience-conference\\\/\",\"name\":\"Pursuing Emotional Resilience Conference - Trauma Matters Delaware\",\"isPartOf\":{\"@id\":\"https:\\\/\\\/traumamattersdelaware.org\\\/#website\"},\"primaryImageOfPage\":{\"@id\":\"https:\\\/\\\/traumamattersdelaware.org\\\/event\\\/pursuing-emotional-resilience-conference\\\/#primaryimage\"},\"image\":{\"@id\":\"https:\\\/\\\/traumamattersdelaware.org\\\/event\\\/pursuing-emotional-resilience-conference\\\/#primaryimage\"},\"thumbnailUrl\":\"https:\\\/\\\/traumamattersdelaware.org\\\/wp-content\\\/uploads\\\/2021\\\/04\\\/TMD_Events_Image.png\",\"datePublished\":\"2021-04-20T19:55:46+00:00\",\"dateModified\":\"2021-04-23T03:53:36+00:00\",\"breadcrumb\":{\"@id\":\"https:\\\/\\\/traumamattersdelaware.org\\\/event\\\/pursuing-emotional-resilience-conference\\\/#breadcrumb\"},\"inLanguage\":\"es\",\"potentialAction\":[{\"@type\":\"ReadAction\",\"target\":[\"https:\\\/\\\/traumamattersdelaware.org\\\/event\\\/pursuing-emotional-resilience-conference\\\/\"]}]},{\"@type\":\"ImageObject\",\"inLanguage\":\"es\",\"@id\":\"https:\\\/\\\/traumamattersdelaware.org\\\/event\\\/pursuing-emotional-resilience-conference\\\/#primaryimage\",\"url\":\"https:\\\/\\\/traumamattersdelaware.org\\\/wp-content\\\/uploads\\\/2021\\\/04\\\/TMD_Events_Image.png\",\"contentUrl\":\"https:\\\/\\\/traumamattersdelaware.org\\\/wp-content\\\/uploads\\\/2021\\\/04\\\/TMD_Events_Image.png\",\"width\":630,\"height\":330},{\"@type\":\"BreadcrumbList\",\"@id\":\"https:\\\/\\\/traumamattersdelaware.org\\\/event\\\/pursuing-emotional-resilience-conference\\\/#breadcrumb\",\"itemListElement\":[{\"@type\":\"ListItem\",\"position\":1,\"name\":\"Home\",\"item\":\"https:\\\/\\\/traumamattersdelaware.org\\\/\"},{\"@type\":\"ListItem\",\"position\":2,\"name\":\"Eventos\",\"item\":\"https:\\\/\\\/traumamattersdelaware.org\\\/es\\\/events\\\/\"},{\"@type\":\"ListItem\",\"position\":3,\"name\":\"Pursuing Emotional Resilience Conference\"}]},{\"@type\":\"WebSite\",\"@id\":\"https:\\\/\\\/traumamattersdelaware.org\\\/#website\",\"url\":\"https:\\\/\\\/traumamattersdelaware.org\\\/\",\"name\":\"Trauma Matters Delaware\",\"description\":\"\",\"publisher\":{\"@id\":\"https:\\\/\\\/traumamattersdelaware.org\\\/#organization\"},\"potentialAction\":[{\"@type\":\"SearchAction\",\"target\":{\"@type\":\"EntryPoint\",\"urlTemplate\":\"https:\\\/\\\/traumamattersdelaware.org\\\/?s={search_term_string}\"},\"query-input\":{\"@type\":\"PropertyValueSpecification\",\"valueRequired\":true,\"valueName\":\"search_term_string\"}}],\"inLanguage\":\"es\"},{\"@type\":\"Organization\",\"@id\":\"https:\\\/\\\/traumamattersdelaware.org\\\/#organization\",\"name\":\"Trauma-Informed Delaware\",\"url\":\"https:\\\/\\\/traumamattersdelaware.org\\\/\",\"logo\":{\"@type\":\"ImageObject\",\"inLanguage\":\"es\",\"@id\":\"https:\\\/\\\/traumamattersdelaware.org\\\/#\\\/schema\\\/logo\\\/image\\\/\",\"url\":\"https:\\\/\\\/traumamattersdelaware.org\\\/wp-content\\\/uploads\\\/2019\\\/04\\\/header-logo.png\",\"contentUrl\":\"https:\\\/\\\/traumamattersdelaware.org\\\/wp-content\\\/uploads\\\/2019\\\/04\\\/header-logo.png\",\"width\":168,\"height\":100,\"caption\":\"Trauma-Informed Delaware\"},\"image\":{\"@id\":\"https:\\\/\\\/traumamattersdelaware.org\\\/#\\\/schema\\\/logo\\\/image\\\/\"}}]}<\/script>\n<!-- \/ Yoast SEO plugin. -->","yoast_head_json":{"title":"Pursuing Emotional Resilience Conference - Trauma Matters Delaware","robots":{"index":"index","follow":"follow","max-snippet":"max-snippet:-1","max-image-preview":"max-image-preview:large","max-video-preview":"max-video-preview:-1"},"canonical":"https:\/\/traumamattersdelaware.org\/es\/event\/pursuing-emotional-resilience-conference\/","og_locale":"es_MX","og_type":"article","og_title":"Pursuing Emotional Resilience Conference - Trauma Matters Delaware","og_description":"The pandemic has been a challenge for all of us. For well over a year, disrupted lives and routines have been the norm. Yet so many of us have persisted [&hellip;]","og_url":"https:\/\/traumamattersdelaware.org\/es\/event\/pursuing-emotional-resilience-conference\/","og_site_name":"Trauma Matters Delaware","article_modified_time":"2021-04-23T03:53:36+00:00","og_image":[{"width":630,"height":330,"url":"https:\/\/traumamattersdelaware.org\/wp-content\/uploads\/2021\/04\/TMD_Events_Image.png","type":"image\/png"}],"twitter_card":"summary_large_image","twitter_misc":{"Tiempo de lectura":"1 minuto"},"schema":{"@context":"https:\/\/schema.org","@graph":[{"@type":"WebPage","@id":"https:\/\/traumamattersdelaware.org\/event\/pursuing-emotional-resilience-conference\/","url":"https:\/\/traumamattersdelaware.org\/event\/pursuing-emotional-resilience-conference\/","name":"Pursuing Emotional Resilience Conference - Trauma Matters Delaware","isPartOf":{"@id":"https:\/\/traumamattersdelaware.org\/#website"},"primaryImageOfPage":{"@id":"https:\/\/traumamattersdelaware.org\/event\/pursuing-emotional-resilience-conference\/#primaryimage"},"image":{"@id":"https:\/\/traumamattersdelaware.org\/event\/pursuing-emotional-resilience-conference\/#primaryimage"},"thumbnailUrl":"https:\/\/traumamattersdelaware.org\/wp-content\/uploads\/2021\/04\/TMD_Events_Image.png","datePublished":"2021-04-20T19:55:46+00:00","dateModified":"2021-04-23T03:53:36+00:00","breadcrumb":{"@id":"https:\/\/traumamattersdelaware.org\/event\/pursuing-emotional-resilience-conference\/#breadcrumb"},"inLanguage":"es","potentialAction":[{"@type":"ReadAction","target":["https:\/\/traumamattersdelaware.org\/event\/pursuing-emotional-resilience-conference\/"]}]},{"@type":"ImageObject","inLanguage":"es","@id":"https:\/\/traumamattersdelaware.org\/event\/pursuing-emotional-resilience-conference\/#primaryimage","url":"https:\/\/traumamattersdelaware.org\/wp-content\/uploads\/2021\/04\/TMD_Events_Image.png","contentUrl":"https:\/\/traumamattersdelaware.org\/wp-content\/uploads\/2021\/04\/TMD_Events_Image.png","width":630,"height":330},{"@type":"BreadcrumbList","@id":"https:\/\/traumamattersdelaware.org\/event\/pursuing-emotional-resilience-conference\/#breadcrumb","itemListElement":[{"@type":"ListItem","position":1,"name":"Home","item":"https:\/\/traumamattersdelaware.org\/"},{"@type":"ListItem","position":2,"name":"Eventos","item":"https:\/\/traumamattersdelaware.org\/es\/events\/"},{"@type":"ListItem","position":3,"name":"Pursuing Emotional Resilience Conference"}]},{"@type":"WebSite","@id":"https:\/\/traumamattersdelaware.org\/#website","url":"https:\/\/traumamattersdelaware.org\/","name":"El trauma importa Delaware","description":"","publisher":{"@id":"https:\/\/traumamattersdelaware.org\/#organization"},"potentialAction":[{"@type":"SearchAction","target":{"@type":"EntryPoint","urlTemplate":"https:\/\/traumamattersdelaware.org\/?s={search_term_string}"},"query-input":{"@type":"PropertyValueSpecification","valueRequired":true,"valueName":"search_term_string"}}],"inLanguage":"es"},{"@type":"Organization","@id":"https:\/\/traumamattersdelaware.org\/#organization","name":"Delaware informado sobre el trauma","url":"https:\/\/traumamattersdelaware.org\/","logo":{"@type":"ImageObject","inLanguage":"es","@id":"https:\/\/traumamattersdelaware.org\/#\/schema\/logo\/image\/","url":"https:\/\/traumamattersdelaware.org\/wp-content\/uploads\/2019\/04\/header-logo.png","contentUrl":"https:\/\/traumamattersdelaware.org\/wp-content\/uploads\/2019\/04\/header-logo.png","width":168,"height":100,"caption":"Trauma-Informed Delaware"},"image":{"@id":"https:\/\/traumamattersdelaware.org\/#\/schema\/logo\/image\/"}}]}},"_links":{"self":[{"href":"https:\/\/traumamattersdelaware.org\/es\/wp-json\/wp\/v2\/tribe_events\/1595","targetHints":{"allow":["GET"]}}],"collection":[{"href":"https:\/\/traumamattersdelaware.org\/es\/wp-json\/wp\/v2\/tribe_events"}],"about":[{"href":"https:\/\/traumamattersdelaware.org\/es\/wp-json\/wp\/v2\/types\/tribe_events"}],"author":[{"embeddable":true,"href":"https:\/\/traumamattersdelaware.org\/es\/wp-json\/wp\/v2\/users\/3"}],"version-history":[{"count":2,"href":"https:\/\/traumamattersdelaware.org\/es\/wp-json\/wp\/v2\/tribe_events\/1595\/revisions"}],"predecessor-version":[{"id":1616,"href":"https:\/\/traumamattersdelaware.org\/es\/wp-json\/wp\/v2\/tribe_events\/1595\/revisions\/1616"}],"wp:featuredmedia":[{"embeddable":true,"href":"https:\/\/traumamattersdelaware.org\/es\/wp-json\/wp\/v2\/media\/1615"}],"wp:attachment":[{"href":"https:\/\/traumamattersdelaware.org\/es\/wp-json\/wp\/v2\/media?parent=1595"}],"wp:term":[{"taxonomy":"post_tag","embeddable":true,"href":"https:\/\/traumamattersdelaware.org\/es\/wp-json\/wp\/v2\/tags?post=1595"},{"taxonomy":"tribe_events_cat","embeddable":true,"href":"https:\/\/traumamattersdelaware.org\/es\/wp-json\/wp\/v2\/tribe_events_cat?post=1595"}],"curies":[{"name":"gracias","href":"https:\/\/api.w.org\/{rel}","templated":true}]}}

Conferencia sobre la persecución de la resiliencia emocional

<p>La pandemia ha sido un desafío para todos. Durante más de un año, las vidas y las rutinas interrumpidas han sido la norma. ¡Sin embargo, muchos de nosotros hemos persistido y sobrevivido! ¡Hemos encontrado formas nuevas y creativas de ayudarnos a nosotros mismos y a los demás! Esta conferencia virtual destacará la resiliencia que los educadores, padres y estudiantes han demostrado frente a la adversidad y ofrecerá sugerencias para recargar nuestras “baterías de resiliencia” a medida que avanzamos. ¡Únase a nosotros para un día de celebración e inspiración!</p>
<p>La Dra. Jill Biden y la Primera Dama de Delaware, Tracey Carney, abrirán la conferencia. Los oradores destacados del día incluyen a Pete Hall, coautor del libro Fostering Resilient Learners, y Elena Aguilar, autora del libro Onward: Cultivating Emotional Resilience in Educators.</p>
<p>¡Todos los asistentes recibirán una copia del libro de Elena Aguilar y una camiseta especial conmemorativa para marcar el evento!</p>
<p>¡Confirme su asistencia ya que es necesario registrarse!</p>
